{"id":25,"date":"2015-02-05T16:04:22","date_gmt":"2015-02-05T16:04:22","guid":{"rendered":"http:\/\/www.drkara.at\/wordpress\/?page_id=25"},"modified":"2015-03-01T18:50:07","modified_gmt":"2015-03-01T18:50:07","slug":"innere-medizin-dr-kara","status":"publish","type":"page","link":"https:\/\/www.drkara.at\/wordpress\/innere-medizin-dr-kara\/","title":{"rendered":"Innere Medizin"},"content":{"rendered":"<p><a title=\"Vorsorgeuntersuchung\" href=\"http:\/\/www.drkara.at\/wordpress\/?page_id=289\">Vorsorgeuntersuchung <\/a>| <a title=\"OP-Freigaben\" href=\"http:\/\/www.drkara.at\/wordpress\/?page_id=291\">OP-Freigaben <\/a>| <a title=\"Blutdrucktherapie\" href=\"http:\/\/www.drkara.at\/wordpress\/?page_id=293\">Blutdrucktherapie <\/a>| <a title=\"Osteoporose\" href=\"http:\/\/www.drkara.at\/wordpress\/?page_id=295\">Osteoporose<\/a><\/p>\n<p>&nbsp;<\/p>\n<p>Die <strong>Innere Medizin<\/strong> befasst sich mit der Vorbeugung, Diagnose, Behandlung sowie Rehabilitation und Nachsorge von Gesundheitsst\u00f6rungen und Krankheiten der Atmungsorgane (Pneumologie), des Herzens und Kreislaufs (Kardiologie), der Verdauungsorgane (Gastroenterologie und Hepatologie), der Nieren (Nephrologie), des Blutes und der blutbildenden Organe (H\u00e4matologie), des Gef\u00e4\u00dfsystems (Angiologie), des Stoffwechsels und der inneren Sekretion (Endokrinologie und Diabetologie), des Immunsystems (Immunologie), des St\u00fctz- und Bindegewebes (Rheumatologie) sowie von Infektionskrankheiten (Infektiologie und Tropenmedizin), Vergiftungen (Klinische Toxikologie), soliden Tumoren und h\u00e4matologischen Neoplasien (Onkologie), der \u00dcberwachung und Therapie von Schwerstkranken (Internistische Intensivmedizin) und dem Einfluss von Training und Sport auf den gesunden und kranken Menschen (Internistische Sportheilkunde).<\/p>\n","protected":false},"excerpt":{"rendered":"<p>Vorsorgeuntersuchung | OP-Freigaben | Blutdrucktherapie | Osteoporose &nbsp; Die Innere Medizin befasst sich mit der Vorbeugung, Diagnose, Behandlung sowie Rehabilitation und Nachsorge von Gesundheitsst\u00f6rungen und Krankheiten der Atmungsorgane (Pneumologie), des Herzens und Kreislaufs (Kardiologie), der Verdauungsorgane (Gastroenterologie und Hepatologie), der &hellip; <a href=\"https:\/\/www.drkara.at\/wordpress\/innere-medizin-dr-kara\/\">Weiter<\/a><\/p>\n","protected":false},"author":1,"featured_media":471,"parent":0,"menu_order":5,"comment_status":"closed","ping_status":"closed","template":"","meta":{"footnotes":""},"class_list":["post-25","page","type-page","status-publish","has-post-thumbnail","hentry"],"yoast_head":"<!-- This site is optimized with the Yoast SEO plugin v23.0 - https:\/\/yoast.com\/wordpress\/plugins\/seo\/ -->\n<title>Innere Medizin | Dr. Marion Kara | Internistin<\/title>\n<meta name=\"description\" content=\"Die Innere Medizin befasst sich mit der Vorbeugung, Diagnostik sowie konservativen Behandlung von Gesundheitsst\u00f6rungen und Krankheiten der &quot;inneren Organe&quot;.\" \/>\n<meta name=\"robots\" content=\"index, follow, max-snippet:-1, max-image-preview:large, max-video-preview:-1\" \/>\n<link rel=\"canonical\" href=\"https:\/\/www.drkara.at\/wordpress\/innere-medizin-dr-kara\/\" \/>\n<meta property=\"og:locale\" content=\"de_DE\" \/>\n<meta property=\"og:type\" content=\"article\" \/>\n<meta property=\"og:title\" content=\"Innere Medizin | Dr. Marion Kara | Internistin\" \/>\n<meta property=\"og:description\" content=\"Die Innere Medizin befasst sich mit der Vorbeugung, Diagnostik sowie konservativen Behandlung von Gesundheitsst\u00f6rungen und Krankheiten der &quot;inneren Organe&quot;.\" \/>\n<meta property=\"og:url\" content=\"https:\/\/www.drkara.at\/wordpress\/innere-medizin-dr-kara\/\" \/>\n<meta property=\"og:site_name\" content=\"Dr. Marion Kara, Fach\u00e4rztin f\u00fcr Innere Medizin &amp; Gastroenterologie\" \/>\n<meta property=\"article:modified_time\" content=\"2015-03-01T18:50:07+00:00\" \/>\n<meta property=\"og:image\" content=\"https:\/\/www.drkara.at\/wordpress\/wp-content\/uploads\/2015\/02\/daisies-in-a-summer-meadow-andrew-dernie-e1424099293587.jpg\" \/>\n\t<meta property=\"og:image:width\" content=\"500\" \/>\n\t<meta property=\"og:image:height\" content=\"333\" \/>\n\t<meta property=\"og:image:type\" content=\"image\/jpeg\" \/>\n<meta name=\"twitter:label1\" content=\"Gesch\u00e4tzte Lesezeit\" \/>\n\t<meta name=\"twitter:data1\" content=\"1\u00a0Minute\" \/>\n<script type=\"application\/ld+json\" class=\"yoast-schema-graph\">{\"@context\":\"https:\/\/schema.org\",\"@graph\":[{\"@type\":\"WebPage\",\"@id\":\"https:\/\/www.drkara.at\/wordpress\/innere-medizin-dr-kara\/\",\"url\":\"https:\/\/www.drkara.at\/wordpress\/innere-medizin-dr-kara\/\",\"name\":\"Innere Medizin | Dr. Marion Kara | Internistin\",\"isPartOf\":{\"@id\":\"https:\/\/www.drkara.at\/wordpress\/#website\"},\"primaryImageOfPage\":{\"@id\":\"https:\/\/www.drkara.at\/wordpress\/innere-medizin-dr-kara\/#primaryimage\"},\"image\":{\"@id\":\"https:\/\/www.drkara.at\/wordpress\/innere-medizin-dr-kara\/#primaryimage\"},\"thumbnailUrl\":\"https:\/\/www.drkara.at\/wordpress\/wp-content\/uploads\/2015\/02\/daisies-in-a-summer-meadow-andrew-dernie-e1424099293587.jpg\",\"datePublished\":\"2015-02-05T16:04:22+00:00\",\"dateModified\":\"2015-03-01T18:50:07+00:00\",\"description\":\"Die Innere Medizin befasst sich mit der Vorbeugung, Diagnostik sowie konservativen Behandlung von Gesundheitsst\u00f6rungen und Krankheiten der \\\"inneren Organe\\\".\",\"breadcrumb\":{\"@id\":\"https:\/\/www.drkara.at\/wordpress\/innere-medizin-dr-kara\/#breadcrumb\"},\"inLanguage\":\"de\",\"potentialAction\":[{\"@type\":\"ReadAction\",\"target\":[\"https:\/\/www.drkara.at\/wordpress\/innere-medizin-dr-kara\/\"]}]},{\"@type\":\"ImageObject\",\"inLanguage\":\"de\",\"@id\":\"https:\/\/www.drkara.at\/wordpress\/innere-medizin-dr-kara\/#primaryimage\",\"url\":\"https:\/\/www.drkara.at\/wordpress\/wp-content\/uploads\/2015\/02\/daisies-in-a-summer-meadow-andrew-dernie-e1424099293587.jpg\",\"contentUrl\":\"https:\/\/www.drkara.at\/wordpress\/wp-content\/uploads\/2015\/02\/daisies-in-a-summer-meadow-andrew-dernie-e1424099293587.jpg\",\"width\":500,\"height\":333,\"caption\":\"Innere Medizin\"},{\"@type\":\"BreadcrumbList\",\"@id\":\"https:\/\/www.drkara.at\/wordpress\/innere-medizin-dr-kara\/#breadcrumb\",\"itemListElement\":[{\"@type\":\"ListItem\",\"position\":1,\"name\":\"Home\",\"item\":\"https:\/\/www.drkara.at\/wordpress\/\"},{\"@type\":\"ListItem\",\"position\":2,\"name\":\"Innere Medizin\"}]},{\"@type\":\"WebSite\",\"@id\":\"https:\/\/www.drkara.at\/wordpress\/#website\",\"url\":\"https:\/\/www.drkara.at\/wordpress\/\",\"name\":\"Dr. Marion Kara, Fach\u00e4rztin f\u00fcr Innere Medizin &amp; Gastroenterologie\",\"description\":\"Willkommen in meiner Ordination, ich betreue Sie in Fragen zur Inneren Medizin und Gastroenterologie\",\"potentialAction\":[{\"@type\":\"SearchAction\",\"target\":{\"@type\":\"EntryPoint\",\"urlTemplate\":\"https:\/\/www.drkara.at\/wordpress\/?s={search_term_string}\"},\"query-input\":\"required name=search_term_string\"}],\"inLanguage\":\"de\"}]}<\/script>\n<!-- \/ Yoast SEO plugin. -->","yoast_head_json":{"title":"Innere Medizin | Dr. Marion Kara | Internistin","description":"Die Innere Medizin befasst sich mit der Vorbeugung, Diagnostik sowie konservativen Behandlung von Gesundheitsst\u00f6rungen und Krankheiten der \"inneren Organe\".","robots":{"index":"index","follow":"follow","max-snippet":"max-snippet:-1","max-image-preview":"max-image-preview:large","max-video-preview":"max-video-preview:-1"},"canonical":"https:\/\/www.drkara.at\/wordpress\/innere-medizin-dr-kara\/","og_locale":"de_DE","og_type":"article","og_title":"Innere Medizin | Dr. Marion Kara | Internistin","og_description":"Die Innere Medizin befasst sich mit der Vorbeugung, Diagnostik sowie konservativen Behandlung von Gesundheitsst\u00f6rungen und Krankheiten der \"inneren Organe\".","og_url":"https:\/\/www.drkara.at\/wordpress\/innere-medizin-dr-kara\/","og_site_name":"Dr. Marion Kara, Fach\u00e4rztin f\u00fcr Innere Medizin &amp; Gastroenterologie","article_modified_time":"2015-03-01T18:50:07+00:00","og_image":[{"width":500,"height":333,"url":"https:\/\/www.drkara.at\/wordpress\/wp-content\/uploads\/2015\/02\/daisies-in-a-summer-meadow-andrew-dernie-e1424099293587.jpg","type":"image\/jpeg"}],"twitter_misc":{"Gesch\u00e4tzte Lesezeit":"1\u00a0Minute"},"schema":{"@context":"https:\/\/schema.org","@graph":[{"@type":"WebPage","@id":"https:\/\/www.drkara.at\/wordpress\/innere-medizin-dr-kara\/","url":"https:\/\/www.drkara.at\/wordpress\/innere-medizin-dr-kara\/","name":"Innere Medizin | Dr. Marion Kara | Internistin","isPartOf":{"@id":"https:\/\/www.drkara.at\/wordpress\/#website"},"primaryImageOfPage":{"@id":"https:\/\/www.drkara.at\/wordpress\/innere-medizin-dr-kara\/#primaryimage"},"image":{"@id":"https:\/\/www.drkara.at\/wordpress\/innere-medizin-dr-kara\/#primaryimage"},"thumbnailUrl":"https:\/\/www.drkara.at\/wordpress\/wp-content\/uploads\/2015\/02\/daisies-in-a-summer-meadow-andrew-dernie-e1424099293587.jpg","datePublished":"2015-02-05T16:04:22+00:00","dateModified":"2015-03-01T18:50:07+00:00","description":"Die Innere Medizin befasst sich mit der Vorbeugung, Diagnostik sowie konservativen Behandlung von Gesundheitsst\u00f6rungen und Krankheiten der \"inneren Organe\".","breadcrumb":{"@id":"https:\/\/www.drkara.at\/wordpress\/innere-medizin-dr-kara\/#breadcrumb"},"inLanguage":"de","potentialAction":[{"@type":"ReadAction","target":["https:\/\/www.drkara.at\/wordpress\/innere-medizin-dr-kara\/"]}]},{"@type":"ImageObject","inLanguage":"de","@id":"https:\/\/www.drkara.at\/wordpress\/innere-medizin-dr-kara\/#primaryimage","url":"https:\/\/www.drkara.at\/wordpress\/wp-content\/uploads\/2015\/02\/daisies-in-a-summer-meadow-andrew-dernie-e1424099293587.jpg","contentUrl":"https:\/\/www.drkara.at\/wordpress\/wp-content\/uploads\/2015\/02\/daisies-in-a-summer-meadow-andrew-dernie-e1424099293587.jpg","width":500,"height":333,"caption":"Innere Medizin"},{"@type":"BreadcrumbList","@id":"https:\/\/www.drkara.at\/wordpress\/innere-medizin-dr-kara\/#breadcrumb","itemListElement":[{"@type":"ListItem","position":1,"name":"Home","item":"https:\/\/www.drkara.at\/wordpress\/"},{"@type":"ListItem","position":2,"name":"Innere Medizin"}]},{"@type":"WebSite","@id":"https:\/\/www.drkara.at\/wordpress\/#website","url":"https:\/\/www.drkara.at\/wordpress\/","name":"Dr. Marion Kara, Fach\u00e4rztin f\u00fcr Innere Medizin &amp; Gastroenterologie","description":"Willkommen in meiner Ordination, ich betreue Sie in Fragen zur Inneren Medizin und Gastroenterologie","potentialAction":[{"@type":"SearchAction","target":{"@type":"EntryPoint","urlTemplate":"https:\/\/www.drkara.at\/wordpress\/?s={search_term_string}"},"query-input":"required name=search_term_string"}],"inLanguage":"de"}]}},"_links":{"self":[{"href":"https:\/\/www.drkara.at\/wordpress\/wp-json\/wp\/v2\/pages\/25"}],"collection":[{"href":"https:\/\/www.drkara.at\/wordpress\/wp-json\/wp\/v2\/pages"}],"about":[{"href":"https:\/\/www.drkara.at\/wordpress\/wp-json\/wp\/v2\/types\/page"}],"author":[{"embeddable":true,"href":"https:\/\/www.drkara.at\/wordpress\/wp-json\/wp\/v2\/users\/1"}],"replies":[{"embeddable":true,"href":"https:\/\/www.drkara.at\/wordpress\/wp-json\/wp\/v2\/comments?post=25"}],"version-history":[{"count":10,"href":"https:\/\/www.drkara.at\/wordpress\/wp-json\/wp\/v2\/pages\/25\/revisions"}],"predecessor-version":[{"id":510,"href":"https:\/\/www.drkara.at\/wordpress\/wp-json\/wp\/v2\/pages\/25\/revisions\/510"}],"wp:featuredmedia":[{"embeddable":true,"href":"https:\/\/www.drkara.at\/wordpress\/wp-json\/wp\/v2\/media\/471"}],"wp:attachment":[{"href":"https:\/\/www.drkara.at\/wordpress\/wp-json\/wp\/v2\/media?parent=25"}],"curies":[{"name":"wp","href":"https:\/\/api.w.org\/{rel}","templated":true}]}}