{"id":33,"date":"2015-02-05T16:05:51","date_gmt":"2015-02-05T16:05:51","guid":{"rendered":"http:\/\/www.drkara.at\/wordpress\/?page_id=33"},"modified":"2026-04-07T08:36:06","modified_gmt":"2026-04-07T08:36:06","slug":"vorsorge","status":"publish","type":"page","link":"https:\/\/www.drkara.at\/wordpress\/endoskopie-dr-kara\/vorsorge\/","title":{"rendered":"Vorsorge"},"content":{"rendered":"<p><a title=\"Sedierung\" href=\"http:\/\/www.drkara.at\/wordpress\/?page_id=31\">Sedierung<\/a>\u00a0| <a title=\"Vorsorge\" href=\"http:\/\/www.drkara.at\/wordpress\/?page_id=33\">Vorsorge<\/a>\u00a0| <a title=\"Gastroskopie\" href=\"http:\/\/www.drkara.at\/wordpress\/?page_id=35\">Gastroskopie<\/a>\u00a0| <a title=\"Coloskopie\" href=\"http:\/\/www.drkara.at\/wordpress\/?page_id=37\">Coloskopie<\/a>\u00a0|\u00a0<a title=\"Checkliste\" href=\"http:\/\/www.drkara.at\/wordpress\/?page_id=39\">Checkliste<\/a>\u00a0|\u00a0<a title=\"Aufkl\u00e4rungs- Anamnese- und Einwilligungsbogen\" href=\"https:\/\/www.drkara.at\/wordpress\/endoskopie-dr-kara\/einwilligungsbogen-gastroskopie\/\">Einwilligungsbogen Gastroskopie<\/a><\/p>\n<hr \/>\n<p>Mit durchschnittlich 5000 Neuerkrankungen pro Jahr in \u00d6sterreich z\u00e4hlt der Darmkrebs zu einer der h\u00e4ufigsten Krebsarten. Das Risiko daran zu erkranken ist bis zum 45. bzw. dem 50. Lebensjahr relativ niedrig, steigt aber ab dem 50 Lebensjahr stark an. Im Gegensatz zu anderen Krebserkrankungen ist es nicht nur m\u00f6glich diese Krebserkrankung in einem fr\u00fchen Stadium zu erkennen, sondern auch diese zu verhindern.<\/p>\n<p>Die Darmspiegelung (Coloskopie) bietet als einziges Verfahren die M\u00f6glichkeit der Diagnose und gleichzeitigen Therapie von Krebsvorstufen. Somit wird die Vorsorgecoloskopie ab dem 45. Lebensjahr, danach alle 7-10 Jahre, empfohlen. Angeh\u00f6rige von Krebserkrankten sollten 10 Jahre vor dem Erkrankungsalter des Angeh\u00f6rigen jedoch auch sp\u00e4testens mit 45 Jahren zur Vorsorgecoloskopie zugewiesen werden.<\/p>\n<p>Sie k\u00f6nnen sich gerne einen <a title=\"Kontakt\" href=\"http:\/\/www.drkara.at\/wordpress\/?page_id=27\">Termin<\/a>\u00a0vereinbaren, ben\u00f6tigt wird daf\u00fcr lediglich eine \u00dcberweisung Ihres Hausarztes mit dem Vermerk &#8222;Vorsorge Coloskopie&#8220;.<\/p>\n<p><strong>Die Untersuchung ist f\u00fcr Sie kostenlos, da ich sie direkt mit der Krankenkasse verrechnen kann.<\/strong><\/p>\n","protected":false},"excerpt":{"rendered":"<p>Sedierung\u00a0| Vorsorge\u00a0| Gastroskopie\u00a0| Coloskopie\u00a0|\u00a0Checkliste\u00a0|\u00a0Einwilligungsbogen Gastroskopie Mit durchschnittlich 5000 Neuerkrankungen pro Jahr in \u00d6sterreich z\u00e4hlt der Darmkrebs zu einer der h\u00e4ufigsten Krebsarten. Das Risiko daran zu erkranken ist bis zum 45. bzw. dem 50. Lebensjahr relativ niedrig, steigt aber ab dem &hellip; <a href=\"https:\/\/www.drkara.at\/wordpress\/endoskopie-dr-kara\/vorsorge\/\">Weiter<\/a><\/p>\n","protected":false},"author":1,"featured_media":0,"parent":13,"menu_order":3,"comment_status":"closed","ping_status":"closed","template":"","meta":{"footnotes":""},"class_list":["post-33","page","type-page","status-publish","hentry"],"yoast_head":"<!-- This site is optimized with the Yoast SEO plugin v23.0 - https:\/\/yoast.com\/wordpress\/plugins\/seo\/ -->\n<title>Vorsorge | Dr. Marion Kara | Internistin &amp; Gastroenterologin<\/title>\n<meta name=\"description\" content=\"Vereinbaren Sie einen Termin zur Vorsorge Coloskopie, ben\u00f6tigt wird daf\u00fcr lediglich eine \u00dcberweisung Ihres Hausarztes mit dem Vermerk \u201cVorsorgecoloskopie\u201d.\" \/>\n<meta name=\"robots\" content=\"index, follow, max-snippet:-1, max-image-preview:large, max-video-preview:-1\" \/>\n<link rel=\"canonical\" href=\"https:\/\/www.drkara.at\/wordpress\/endoskopie-dr-kara\/vorsorge\/\" \/>\n<meta property=\"og:locale\" content=\"de_DE\" \/>\n<meta property=\"og:type\" content=\"article\" \/>\n<meta property=\"og:title\" content=\"Vorsorge | Dr. Marion Kara | Internistin &amp; Gastroenterologin\" \/>\n<meta property=\"og:description\" content=\"Vereinbaren Sie einen Termin zur Vorsorge Coloskopie, ben\u00f6tigt wird daf\u00fcr lediglich eine \u00dcberweisung Ihres Hausarztes mit dem Vermerk \u201cVorsorgecoloskopie\u201d.\" \/>\n<meta property=\"og:url\" content=\"https:\/\/www.drkara.at\/wordpress\/endoskopie-dr-kara\/vorsorge\/\" \/>\n<meta property=\"og:site_name\" content=\"Dr. Marion Kara, Fach\u00e4rztin f\u00fcr Innere Medizin &amp; Gastroenterologie\" \/>\n<meta property=\"article:modified_time\" content=\"2026-04-07T08:36:06+00:00\" \/>\n<meta name=\"twitter:label1\" content=\"Gesch\u00e4tzte Lesezeit\" \/>\n\t<meta name=\"twitter:data1\" content=\"1\u00a0Minute\" \/>\n<script type=\"application\/ld+json\" class=\"yoast-schema-graph\">{\"@context\":\"https:\/\/schema.org\",\"@graph\":[{\"@type\":\"WebPage\",\"@id\":\"https:\/\/www.drkara.at\/wordpress\/endoskopie-dr-kara\/vorsorge\/\",\"url\":\"https:\/\/www.drkara.at\/wordpress\/endoskopie-dr-kara\/vorsorge\/\",\"name\":\"Vorsorge | Dr. Marion Kara | Internistin & Gastroenterologin\",\"isPartOf\":{\"@id\":\"https:\/\/www.drkara.at\/wordpress\/#website\"},\"datePublished\":\"2015-02-05T16:05:51+00:00\",\"dateModified\":\"2026-04-07T08:36:06+00:00\",\"description\":\"Vereinbaren Sie einen Termin zur Vorsorge Coloskopie, ben\u00f6tigt wird daf\u00fcr lediglich eine \u00dcberweisung Ihres Hausarztes mit dem Vermerk \u201cVorsorgecoloskopie\u201d.\",\"breadcrumb\":{\"@id\":\"https:\/\/www.drkara.at\/wordpress\/endoskopie-dr-kara\/vorsorge\/#breadcrumb\"},\"inLanguage\":\"de\",\"potentialAction\":[{\"@type\":\"ReadAction\",\"target\":[\"https:\/\/www.drkara.at\/wordpress\/endoskopie-dr-kara\/vorsorge\/\"]}]},{\"@type\":\"BreadcrumbList\",\"@id\":\"https:\/\/www.drkara.at\/wordpress\/endoskopie-dr-kara\/vorsorge\/#breadcrumb\",\"itemListElement\":[{\"@type\":\"ListItem\",\"position\":1,\"name\":\"Home\",\"item\":\"https:\/\/www.drkara.at\/wordpress\/\"},{\"@type\":\"ListItem\",\"position\":2,\"name\":\"Endoskopie\",\"item\":\"https:\/\/www.drkara.at\/wordpress\/endoskopie-dr-kara\/\"},{\"@type\":\"ListItem\",\"position\":3,\"name\":\"Vorsorge\"}]},{\"@type\":\"WebSite\",\"@id\":\"https:\/\/www.drkara.at\/wordpress\/#website\",\"url\":\"https:\/\/www.drkara.at\/wordpress\/\",\"name\":\"Dr. Marion Kara, Fach\u00e4rztin f\u00fcr Innere Medizin &amp; Gastroenterologie\",\"description\":\"Willkommen in meiner Ordination, ich betreue Sie in Fragen zur Inneren Medizin und Gastroenterologie\",\"potentialAction\":[{\"@type\":\"SearchAction\",\"target\":{\"@type\":\"EntryPoint\",\"urlTemplate\":\"https:\/\/www.drkara.at\/wordpress\/?s={search_term_string}\"},\"query-input\":\"required name=search_term_string\"}],\"inLanguage\":\"de\"}]}<\/script>\n<!-- \/ Yoast SEO plugin. -->","yoast_head_json":{"title":"Vorsorge | Dr. Marion Kara | Internistin & Gastroenterologin","description":"Vereinbaren Sie einen Termin zur Vorsorge Coloskopie, ben\u00f6tigt wird daf\u00fcr lediglich eine \u00dcberweisung Ihres Hausarztes mit dem Vermerk \u201cVorsorgecoloskopie\u201d.","robots":{"index":"index","follow":"follow","max-snippet":"max-snippet:-1","max-image-preview":"max-image-preview:large","max-video-preview":"max-video-preview:-1"},"canonical":"https:\/\/www.drkara.at\/wordpress\/endoskopie-dr-kara\/vorsorge\/","og_locale":"de_DE","og_type":"article","og_title":"Vorsorge | Dr. Marion Kara | Internistin & Gastroenterologin","og_description":"Vereinbaren Sie einen Termin zur Vorsorge Coloskopie, ben\u00f6tigt wird daf\u00fcr lediglich eine \u00dcberweisung Ihres Hausarztes mit dem Vermerk \u201cVorsorgecoloskopie\u201d.","og_url":"https:\/\/www.drkara.at\/wordpress\/endoskopie-dr-kara\/vorsorge\/","og_site_name":"Dr. Marion Kara, Fach\u00e4rztin f\u00fcr Innere Medizin &amp; Gastroenterologie","article_modified_time":"2026-04-07T08:36:06+00:00","twitter_misc":{"Gesch\u00e4tzte Lesezeit":"1\u00a0Minute"},"schema":{"@context":"https:\/\/schema.org","@graph":[{"@type":"WebPage","@id":"https:\/\/www.drkara.at\/wordpress\/endoskopie-dr-kara\/vorsorge\/","url":"https:\/\/www.drkara.at\/wordpress\/endoskopie-dr-kara\/vorsorge\/","name":"Vorsorge | Dr. Marion Kara | Internistin & Gastroenterologin","isPartOf":{"@id":"https:\/\/www.drkara.at\/wordpress\/#website"},"datePublished":"2015-02-05T16:05:51+00:00","dateModified":"2026-04-07T08:36:06+00:00","description":"Vereinbaren Sie einen Termin zur Vorsorge Coloskopie, ben\u00f6tigt wird daf\u00fcr lediglich eine \u00dcberweisung Ihres Hausarztes mit dem Vermerk \u201cVorsorgecoloskopie\u201d.","breadcrumb":{"@id":"https:\/\/www.drkara.at\/wordpress\/endoskopie-dr-kara\/vorsorge\/#breadcrumb"},"inLanguage":"de","potentialAction":[{"@type":"ReadAction","target":["https:\/\/www.drkara.at\/wordpress\/endoskopie-dr-kara\/vorsorge\/"]}]},{"@type":"BreadcrumbList","@id":"https:\/\/www.drkara.at\/wordpress\/endoskopie-dr-kara\/vorsorge\/#breadcrumb","itemListElement":[{"@type":"ListItem","position":1,"name":"Home","item":"https:\/\/www.drkara.at\/wordpress\/"},{"@type":"ListItem","position":2,"name":"Endoskopie","item":"https:\/\/www.drkara.at\/wordpress\/endoskopie-dr-kara\/"},{"@type":"ListItem","position":3,"name":"Vorsorge"}]},{"@type":"WebSite","@id":"https:\/\/www.drkara.at\/wordpress\/#website","url":"https:\/\/www.drkara.at\/wordpress\/","name":"Dr. Marion Kara, Fach\u00e4rztin f\u00fcr Innere Medizin &amp; Gastroenterologie","description":"Willkommen in meiner Ordination, ich betreue Sie in Fragen zur Inneren Medizin und Gastroenterologie","potentialAction":[{"@type":"SearchAction","target":{"@type":"EntryPoint","urlTemplate":"https:\/\/www.drkara.at\/wordpress\/?s={search_term_string}"},"query-input":"required name=search_term_string"}],"inLanguage":"de"}]}},"_links":{"self":[{"href":"https:\/\/www.drkara.at\/wordpress\/wp-json\/wp\/v2\/pages\/33"}],"collection":[{"href":"https:\/\/www.drkara.at\/wordpress\/wp-json\/wp\/v2\/pages"}],"about":[{"href":"https:\/\/www.drkara.at\/wordpress\/wp-json\/wp\/v2\/types\/page"}],"author":[{"embeddable":true,"href":"https:\/\/www.drkara.at\/wordpress\/wp-json\/wp\/v2\/users\/1"}],"replies":[{"embeddable":true,"href":"https:\/\/www.drkara.at\/wordpress\/wp-json\/wp\/v2\/comments?post=33"}],"version-history":[{"count":19,"href":"https:\/\/www.drkara.at\/wordpress\/wp-json\/wp\/v2\/pages\/33\/revisions"}],"predecessor-version":[{"id":984,"href":"https:\/\/www.drkara.at\/wordpress\/wp-json\/wp\/v2\/pages\/33\/revisions\/984"}],"up":[{"embeddable":true,"href":"https:\/\/www.drkara.at\/wordpress\/wp-json\/wp\/v2\/pages\/13"}],"wp:attachment":[{"href":"https:\/\/www.drkara.at\/wordpress\/wp-json\/wp\/v2\/media?parent=33"}],"curies":[{"name":"wp","href":"https:\/\/api.w.org\/{rel}","templated":true}]}}